ite number?
True
Is 4792156433 composite?
False
Is 762975971 a prime number?
False
Is 199295523883 composite?
False
Is 1266081769 a composite number?
True
Is 21868819277 a prime number?
True
Is 244979899 a composite number?
False
Is 244967507 a composite number?
True
Is 882125117 a composite number?
False
Is 3542347109 a composite number?
True
Is 73615811 prime?
False
Is 176261441 a composite number?
False
Is 700546813 composite?
False
Is 17462252135 composite?
True
Is 7301319397 a composite number?
False
Is 3369367549 prime?
False
Is 2999955983 prime?
False
Is 2427843701 a composite number?
False
Is 98174575111 prime?
True
Is 2470117879 prime?
True
Is 4665408721 a prime number?
True
Is 15116780599 prime?
True
Is 1679264911 composite?
False
Is 13285488943 prime?
True
Is 10724079409 prime?
True
Is 133063356161 a composite number?
False
Is 78668565449 a composite number?
False
Is 27508081 prime?
True
Is 12200962097 a composite number?
False
Is 67233200989 a prime number?
False
Is 15251625553 prime?
True
Is 3444086213 prime?
True
Is 8259151337 a prime number?
True
Is 1306491799 composite?
True
Is 1502006647 composite?
False
Is 92912029 prime?
False
Is 13751027569 composite?
False
Is 348636229 prime?
False
Is 5036613823 prime?
True
Is 2889669199 a prime number?
False
Is 116272541839 prime?
True
Is 19373968667 prime?
True
Is 2534503243 a composite number?
True
Is 4519158635 prime?
False
Is 2022525419 a composite number?
True
Is 240768777929 a composite number?
False
Is 30245075243 composite?
False
Is 1749938941 composite?
True
Is 6859251067 prime?
True
Is 14749773377 composite?
True
Is 387004873 composite?
False
Is 6105577678 a composite number?
True
Is 174541259309 prime?
False
Is 3698059361 prime?
True
Is 566933131 composite?
False
Is 40689015097 a prime number?
False
Is 5590929637 prime?
False
Is 7069705609 prime?
True
Is 193459327 a composite number?
True
Is 44599769483 prime?
True
Is 10402327817 a prime number?
False
Is 16086948041 a prime number?
True
Is 9675590217 a prime number?
False
Is 520455997 prime?
True
Is 619849990711 prime?
False
Is 13810227737 composite?
False
Is 3532504499 a composite number?
True
Is 347161394 a composite number?
True
Is 270230539 composite?
False
Is 340124927 composite?
True
Is 5432783 composite?
False
Is 128555149621 a prime number?
True
Is 3932070223 a prime number?
False
Is 1074948379 a composite number?
True
Is 3121157783 prime?
False
Is 1575785801 a prime number?
True
Is 332023273 a composite number?
True
Is 7917736907 prime?
True
Is 173435634839 composite?
True
Is 1205782022 a composite number?
True
Is 82779457 a prime number?
True
Is 2594935853 prime?
True
Is 16073817799 composite?
True
Is 8034030821 a prime number?
True
Is 6565354709 a prime number?
True
Is 8358428237 composite?
True
Is 6524592449 a composite number?
True
Is 278378701 prime?
False
Is 120212975567 prime?
True
Is 43063377233 composite?
False
Is 2156174723 a composite number?
False
Is 10832271907 a prime number?
False
Is 228059446183 a prime number?
True
Is 416658991 prime?
False
Is 5277461405 composite?
True
Is 109221297319 a prime number?
True
Is 125321993 prime?
True
Is 3663333811 prime?
True
Is 1641221639 a prime number?
True
Is 10989943189 prime?
True
Is 42743087141 prime?
False
Is 275104559 composite?
True
Is 3989725711 a prime number?
False
Is 11076392251 composite?
True
Is 39999861717 a prime number?
False
Is 2553655193 a prime number?
False
Is 577395373 a prime number?
True
Is 1002022639 a prime number?
False
Is 17123923823 prime?
False
Is 123550929163 prime?
True
Is 20316442235 composite?
True
Is 610409563 a composite number?
True
Is 70059621497 prime?
False
Is 5910310583 prime?
False
Is 1127655497 a prime number?
False
Is 12009587935 a prime number?
False
Is 471459421 a prime number?
True
Is 4847993417 a composite number?
True
Is 655239517 a prime number?
False
Is 187087111 a prime number?
True
Is 2019643319 composite?
False
Is 62166124463 a prime number?
True
Is 2045084737 a composite number?
False
Is 934335613 a prime number?
True
Is 34538172529 a composite number?
True
Is 2737048577 prime?
False
Is 1732458451 prime?
False
Is 1407908539 prime?
True
Is 93550376371 composite?
True
Is 375735861265 prime?
False
Is 1870813993 a prime number?
False
Is 2250263753 composite?
False
Is 848909969 a prime number?
True
Is 74867339 a prime number?
False
Is 1307949413 a prime number?
False
Is 5094935303 composite?
False
Is 289111331 a composite number?
False
Is 25955907301 prime?
True
Is 1725582503 prime?
False
Is 142403969 composite?
True
Is 2091997513 a composite number?
True
Is 69113537 a prime number?
False
Is 3032216321 a prime number?
False
Is 433597303 composite?
True
Is 1127707883 a prime number?
True
Is 5592498697 prime?
True
Is 91453490923 a composite number?
False
Is 131980773731 a composite number?
True
Is 1952629177 prime?
True
Is 4732370261 a composite number?
True
Is 2058260387 a prime number?
True
Is 649638377 composite?
True
Is 21624604399 a prime number?
True
Is 1248605563 a prime number?
True
Is 1131043307 a prime number?
True
Is 23455971851 prime?
False
Is 3318332027 a prime number?
True
Is 2950037 a composite number?
False
Is 29289934889 a composite number?
False
Is 1288002223 composite?
False
Is 9214721413 prime?
True
Is 23188305479 composite?
False
Is 1550386657 a prime number?
True
Is 38776329247 composite?
True
Is 2532013501 prime?
False
Is 274905811 prime?
True
Is 1745497031 prime?
True
Is 3010659959 a prime number?
True
Is 442351397 prime?
True
Is 8113746101 a composite number?
False
Is 5675080823 prime?
False
Is 152443316353 prime?
True
Is 181177453057 a composite number?
True
Is 2560482163 a prime number?
False
Is 2772542335 a prime number?
False
Is 3209710529 a prime number?
True
Is 2165812141 a prime number?
False
Is 7185418367 prime?
True
Is 3128384431 a composite number?
True
Is 40205055661 a prime number?
False
Is 8247433373 prime?
True
Is 2994894415 prime?
False
Is 2830239773 composite?
True
Is 4216191649 prime?
False
Is 16063317499 a prime number?
True
Is 2097645671 composite?
True
Is 693761161 a composite number?
False
Is 90776167411 composite?
False
Is 179265808229 prime?
True
Is 214685531 a prime number?
True
Is 157940616161 prime?
False
Is 160382483 prime?
False
Is 27454136981 a composite number?
False
Is 290602789 prime?
False
Is 4812539923 a composite number?
False
Is 12373356899 a composite number?
False
Is 8789972957 a prime number?
True
Is 7128297529 a composite number?
True
Is 2191732201 a prime number?
False
Is 90829649 composite?
False
Is 61916893541 a composite number?
True
Is 220834363 composite?
False
Is 98702671 prime?
True
Is 14749418033 a prime number?
False
Is 251748397 a prime number?
False
Is 77414173 a prime number?
False
Is 2717974849 prime?
True
Is 154304881 prime?
False
Is 4861422971 a prime number?
True
Is 171478849433 a composite number?
False
Is 39952227517 a prime number?
True
Is 8404378571 composite?
True
Is 1549491407 a composite number?
False
Is 17025042569 a prime number?
False
Is 3338521477 prime?
True
Is 491244211 a composite number?
False
Is 391815227 composite?
False
Is 4360503887 composite?
True
Is 13646115719 a composite number?
True
Is 1734930161 composite?
False
Is 3089270981 a prime number?
True
Is 9876078103 prime?
True
Is 3769707563 a composite number?
False
Is 3036564353 a composite number?
False
Is 269939687 a prime number?
False
Is 149666548639 a prime number?
True
Is 3949680521 a prime number?
False
Is 158131046 a composite number?
True
Is 54190429 a prime number?
True
Is 4116835909 a composite number?
False
Is 20341831 composite?
True
Is 4329729563 a composite number?
True
Is 5834829927 a prime number?
False
Is 1711623679 prime?
False
Is 19135899713 a prime number?
False
Is 13206956237 a composite number?
True
Is 48350543611 a prime number?
False
Is 4111457089 prime?
False
Is 146221590029 a composite number?
False
Is 750847243 a composite number?
False
Is 73434299 prime?
False
Is 869654083 prime?
True
Is 6099521927 composite?
True
Is 9534772349 a prime number?
False
Is 44361455 prime?
False
Is 4997411189 a prime number?
False
Is 2996299393 a prime number?
False
Is 405189559 a prime number?
False
Is 102549010429 composite?
False
Is 14694077 prime?
False
Is